/(65/(-37)). Suppose 0 = r*t - 2*d - 368, 3*t + 98 - 451 = 5*d. What is the units digit of t?
6
Let p(o) = 0*o - 1 - 10*o + 3*o - o + 102*o**2. What is the units digit of p(-2)?
3
Let w = 115 - 106. Let z(a) = -a**3 + 8*a**2 + 9*a + 8. What is the units digit of z(w)?
8
Suppose -15*z = -5*r - 12*z + 56277, 5*z - 22486 = -2*r. What is the tens digit of r?
5
Suppose -63*l + 16*l = 67*l - 1283868. What is the tens digit of l?
6
Suppose 106722 - 27045 = 27*m. What is the units digit of m?
1
Let p(w) = w**2 + 24*w - 94. Let t be p(-28). Suppose -9*s - t*s = -1971. What is the tens digit of s?
7
Suppose 1833*j - z - 35379 = 1829*j, j + 4*z = 8849. What is the hundreds digit of j?
8
Suppose 5*r - 4*r + 3*v - 637 = 0, 3*r - 4*v = 1872. Suppose j - r = -107. What is the hundreds digit of j?
5
Suppose 0 = -131*i + 227703 + 132412 + 501210. What is the tens digit of i?
7
What is the hundreds digit of (2/(-6))/(79/(-601743))?
5
What is the units digit of 2072/11396 - (133681/(-11) - 1)?
4
Let v(n) = 373*n**2 - 196*n + 1485. What is the units digit of v(8)?
9
Let h(r) = -r**3 - 12*r**2 - 2*r - 3. Suppose -2*w + 16 = 3*t + t, 0 = 3*t + 9. Suppose 0 = -3*g + 4*l - 44, -g - l = -2*l + w. What is the units digit of h(g)?
1
What is the thousands digit of (2 + 0)/((-1127084)/(-845250) - (-16)/(-12))?
0
Let x(y) = -y**3 - 40*y**2 + 48*y - 96. Let n(f) = -f**3 - 40*f**2 + 50*f - 97. Let b(g) = 2*n(g) - 3*x(g). What is the units digit of b(-40)?
4
Let x = 4 - -7. Suppose x*c - 9*c = -8. What is the tens digit of -21*(76/(-12) - c)?
4
Suppose -139*h + 142*h = 3*w - 82491, 2*w - 5*h = 54976. What is the units digit of w?
3
Let n(y) = 9*y**2 + 0*y**2 - y**3 - 1 + 109*y - 121*y. What is the units digit of n(5)?
9
Let q = -10783 - -27510. What is the hundreds digit of q?
7
Suppose 84544 = 2*g - 46*g + 2081308. What is the ten thousands digit of g?
4
Let r(p) = -114*p**3 - 2*p**2 + 6*p + 2. Let m be r(-2). Let o = -342 + m. What is the tens digit of o?
5
Let y(n) = 69*n**2 + 6*n + 27. Let g be y(-3). Suppose -5*q = -5*s + g, -5*s + 504 = -s + 2*q. What is the hundreds digit of s?
1
What is the hundreds digit of (-7277898)/(-1566) - (39/27 + -1)?
6
Suppose 2*t - 11 = -3*d, -4*d + 15 = -d. Let w = -20 + 13. What is the hundreds digit of ((-18)/14 + t/w)*-127?
1
Let x(r) = -r**3 + 11*r**2 - 8*r + 19. Suppose -k + o - 8 = -4*k, 16 = k - 3*o. Suppose -11 - 13 = -k*m. What is the hundreds digit of x(m)?
1
What is the ten thousands digit of (261/(-348) - ((-11)/4 - -3)) + 48739?
4
Let f(l) = -l**2 - 12*l - 31. Let m be f(-7). Suppose h - 519 = -m*a, 3*a + 620 = h + 73. Suppose 13*q - h = 687. What is the tens digit of q?
9
What is the hundreds digit of 3685878/(-567)*(-2 - 3/(-6))?
7
Let y = 203 + -342. Let u(o) = -36*o - 4. Let w be u(1). Let v = w - y. What is the units digit of v?
9
Suppose -3*j + 15762 + 36114 = 5*m, -5*m = -3*j - 51864. What is the tens digit of m?
7
Let u(l) = l - 154 - 5*l**2 + 158 - 2*l - 11*l - 16*l**3. What is the units digit of u(-3)?
7
Let a(p) = 1054*p + 4134. What is the hundreds digit of a(5)?
4
Suppose -12 = 6*w - 24. Suppose -o - 6*g = -7*g - 6, 2*g - 12 = -w*o. What is the units digit of o?
6
Suppose -8*u + 10*u = 0. Suppose v - 6*v - 3*x - 12 = u, 4 = -4*v - x. Suppose -c + 3*c = v, 3*w = c + 147. What is the tens digit of w?
4
Let h(w) = w**2 - w + 4. Let x = -52 - -52. Suppose -g - 3*k = 4*g - 28, x = -g - 2*k + 7. What is the units digit of h(g)?
4
Suppose j - 3 = -4*i - 9, 0 = -3*j - 5*i - 4. Suppose 0 = -2*u - 10*q + 5*q + 1017, u - 510 = -j*q. What is the units digit of u?
6
Let d = -6 - -13. Let u(k) = -16*k + 3 + 6 + 7 + 6 + 20*k. What is the tens digit of u(d)?
5
Let g be ((-13)/3)/((-34)/(-6) - 6). Suppose 0*b = g*b - 17576. What is the thousands digit of b?
1
Let g = 4633 + -3236. Suppose g + 2228 = 5*m. What is the tens digit of m?
2
Suppose 4*m + 4*f = 11508, 64*f - 14420 = -5*m + 66*f. What is the tens digit of m?
8
What is the thousands digit of 231/(-539) + 0 + (-177270)/(-21)?
8
Suppose -5*b + 611 + 929 = 0. Let l = -120 + b. What is the units digit of l?
8
Let j be (-1777)/(-4) + 31/(-124). Let z = j - -25. What is the hundreds digit of z?
4
Suppose 23*g = 11902 + 21287. Suppose 2*r - g = -3*b + 581, 3*b = -r + 2020. What is the units digit of b?
2
Let h be (-9)/2*17/((-102)/(-8)). What is the tens digit of (-6)/(-12)*1738 - h?
7
Let t(u) = u**2 + 16*u - 13. Let j be t(7). Suppose j = 7*m - 6110. Suppose -2*d = -5*a - 303, -2*a - m = -5*d - 168. What is the units digit of d?
4
Let d = 4207 - 1971. Suppose l - 2231 = -4*c + 6*l, -4*l = -4*c + d. What is the units digit of c?
4
Suppose -4*f + 5*y = -48869 - 58025, -133622 = -5*f + 4*y. What is the tens digit of f?
2
Suppose 208*l - 15918 = 166*l. What is the tens digit of l?
7
Let a(k) = -3404*k + 399. What is the tens digit of a(-4)?
1
Let a be (39/(-12) - 3) + (-2)/(-8). Let u = 43 - a. Suppose -2*g = -y - u, -3*g = y - 50 - 21. What is the units digit of g?
4
Let g(f) = 8*f**2 - 38*f - 4. Let h be g(5). Suppose -h*o + 5*o + 471 = -2*p, 0 = -4*p + 20. What is the units digit of o?
1
Suppose 4*i = -i + 45. What is the tens digit of ((-405)/(-18))/(i/60)?
5
Let x(j) = 10*j**2 + 16*j - 20. Let m be x(8). Let n = -417 + m. Let a = n - 195. What is the hundreds digit of a?
1
Let k(c) = 65*c - 22. Let r be k(7). Let h = r + -202. What is the hundreds digit of h?
2
Let o be 0 + (-1)/(-2)*2222. Let v(m) = 2*m**2 + 5*m. Let c be v(-3). Suppose -o = c*f - 14*f. What is the tens digit of f?
0
Let f(s) = 1384*s**2 - 4*s + 17. What is the hundreds digit of f(3)?
4
Suppose 5*h - g = 105215, -42113 = -2*h - 67*g + 62*g. What is the units digit of h?
4
Let d be 468/2 - (0 - 0). Let k be 2/(-7) - (-147600)/630. Suppose k = 6*w - d. What is the units digit of w?
8
What is the units digit of 39/(((-1)/2365)/(-5 + (-292)/(-60)))?
8
Suppose 34*i - 39*i - 55 = 0. Let b be 2/(-4)*2*(i + 7). What is the tens digit of (-58)/b*(8 - 24)?
3
What is the tens digit of (1/5*-3)/(-8*11/495440)?
7
Suppose 3*z = 11*z - 80. Suppose -b - 4*k = -0*b - 2, 0 = -5*b - 4*k + z. Suppose -4*j = -4*m, -b*j - m = -3 - 9. What is the units digit of j?
4
Let h(p) = p**2 - 23*p + 113. Let u be h(16). What is the units digit of u + 0 - -551 - (-28 - -22)?
8
Let q be (-2)/9 - 573/(-27). Let g = q + -44. Let d = -10 - g. What is the units digit of d?
3
Let r(m) = -46*m - 104. Suppose 0 = 4*o + o + 30. What is the units digit of r(o)?
2
Suppose 12 = d - 27. Suppose d*g - 352 = 37*g. Suppose g = -3*t + 5*t. What is the tens digit of t?
8
Suppose 3*f + 2*t = 2, -10 - 2 = 2*f + 4*t. Let d be (-2 + 10)*1/2. Suppose 2*c - 352 = -4*v + f*c, -d*v + 3*c + 352 = 0. What is the tens digit of v?
8
Suppose -3 = 4*z - 7*z, 3*f - z - 17501 = 0. Suppose 0 = 5*s + 59 - f. What is the thousands digit of s?
1
Let z = -55394 + 89716. What is the tens digit of z?
2
Let b = 10 - -10. Suppose -a + 3*a - b = 0. What is the tens digit of ((-148)/a)/(6/(-15))?
3
Let t(w) = 36*w**3 - w. Let k be t(1). Let v = 239 - 217. Let s = k - v. What is the tens digit of s?
1
Let x = 75 - 78. Let c(p) = 2*p**3 + 2*p**2 - 5*p. Let m be c(x). What is the tens digit of (m/(-35))/(-1 + 312/310)?
9
Suppose -7*f + 2*f = -10. Suppose 7*w = f*w, -5*w + 1020 = 5*x. Suppose -7*v = -4*v - x. What is the tens digit of v?
6
Suppose -2 = j, -34*j = -d - 33*j + 672. Let s = 1163 - d. What is the hundreds digit of s?
4
Suppose -102*b + 100*b - 2 = 0. Let u(s) = -s**3 + s**2 + 1. Let v(d) = -126*d**3 - 5*d**2 - 3. Let g(c) = 4*u(c) + v(c). What is the hundreds digit of g(b)?
1
Suppose 7*o + 10*o - 17 = 0. What is the tens digit of (-10 + -4)/(o/(-22))?
0
Let g be (2/(-2 + 6))/((-40)/240). What is the units digit of (-4 - -2)/(6334/(-2110) - g)?
5
What is the ten thousands digit of 29/((-261)/(-94302)) + -6 + 0?
1
Suppose -3*x + 17*q - 12*q = -14137, 5*x + 3*q = 23539. What is the hundreds digit of x?
7
Let t(d) = 322*d + 51. Let y be t(3). Let w = -567 + y. What is the units digit of w?
0
Suppose -3*k = -4*j - 31591, -4*k + j + 8090 + 34001 = 0. What is the hundreds digit of k?
5
Let w be (-1 + 1075/3)/(24/36). Let t = -93 + w. What is the units digit of t?
3
Let n(v) = -v**3 + 12*v**2 - v + 9. Let a = -94 - -103. Suppose a = -0*p - 3*p, -3*m - 4*p = -18. What is the tens d